-7) + 1 + -12 - 3?
-11
Calculate -1 + 5 + 15 + (-47 - -40).
12
-2 - -1 - (-251 + 255)
-5
Evaluate -13 + (-2 - -8) + (-9 - -11) - 4.
-9
-8609 + 8606 - (12 - (0 - (1 + 0)))
-16
What is 8 + 6 + -1 + 6 + -17?
2
10 - 19 - (1 + -34 + -4)
28
What is (-6 - (-3 - -2) - -7) + 3 + -1?
4
What is 4 + (2 - 2) + (-11 - -6) - -7?
6
Evaluate -9 - -3 - (2 + -2 - (126 - 132)).
-12
(-10 - (9 + -8 + -20)) + -22
-13
Calculate 8 + -13 + -25 - -18.
-12
15 + 8 + -16 + 5 + (-5 - 2)
5
(11 - (2 + 21)) + 12
0
(-18 - -10 - -18) + -8 + 2 + 6
10
What is the value of -651 + 656 + (-1 - -12)?
16
What is the value of (-29 - -47 - -13) + -26?
5
-40 + (29 - 9) - -19
-1
What is -9 + 0 - (-19 + (27 - 12))?
-5
1 + (12 - (-3 - -17))
-1
Calculate -8 - (-10 - -6 - 13 - (22 - 11)).
20
Evaluate -8 + 14 - 13 - 7.
-14
Calculate 1 + (29 - 29) + (2 - 10).
-7
What is the value of (2 - -3) + 6 + -12 + 0?
-1
Evaluate (10 + (0 - 2) - -3) + -43.
-32
What is 0 + -7 + 16 + 5 + -3?
11
Evaluate (7 - (3 + (-8 + 16 - 15))) + -2.
9
-4 + 32 + -10 - ((0 - 6) + -2)
26
-8 + -9 + (-30 - -37) + -1 + 16
5
What is the value of -14 - (-1 - 7) - 4 - 4?
-14
What is -13 - 1 - (-55 - -27)?
14
Calculate (9 - 35) + (-36 - -48).
-14
What is the value of 16 + -9 - (-153 + 153)?
7
Evaluate -5 - -1 - (72 - 78).
2
Evaluate (1 - (0 - -1)) + 1 - (-379 - -377).
3
What is the value of 28 - -1 - (1321 + -1303)?
11
What is (-9 - (-23 + 0 + 12)) + -11?
-9
Evaluate (-21 - (-10 - 1)) + 18 + 4.
12
Calculate -17 + 39 - 54 - (-12 + 0).
-20
2 + (-14 - -12 - (-7 - 2))
9
Evaluate (24 - (5 + 5 + -5)) + -9.
10
What is (-7 - -14) + -21 - -18?
4
What is (-17 - 7) + (-2 - -19)?
-7
What is the value of -3 + (150 - 146) + 1 + -7 + 1?
-4
What is the value of -10 + 37 + -21 + -10 + 0?
-4
(-16 + 23 - 11) + 16
12
Calculate (-9 - 1) + 19 + -46 + 46 - 11.
-2
What is -32 + 69 + (-37 - -14)?
14
Calculate (10 - -14 - 2) + (2 - (-1 + 1)).
24
What is the value of -31 + 18 + -3 - -2?
-14
Evaluate -4 + 3 + (14 - 8).
5
What is the value of 2 - (-8 - 5 - (-35 - -5))?
-15
Evaluate -11 + 8 + -9 + (-2 - -6).
-8
Calculate 0 + (15 - 29 - -3).
-11
Calculate (-15 - (-14 + -12)) + -7.
4
-2 + (8 - (4 + 5)) + 0
-3
Calculate -17 - (-43 - -39) - -8.
-5
-108 + 96 - (-2 + 0)
-10
((2 - 3) + 0 - (-85 - -95)) + 1
-10
Evaluate (-36 - -25) + (1 - 15) - (1 + -8).
-18
Calculate 0 - 9 - (-1 - (-10 + 20) - -9).
-7
Evaluate 1 + -3 + -9 - (35 - 34).
-12
Evaluate 14 + 2 + 58 + -74.
0
Calculate (2 - (4 - 6)) + 9 + 2.
15
Evaluate -5 + 10 - (-4 - 6) - (1 - -1).
13
What is -15 - -32 - (-11 + 23)?
5
What is -1 + -15 + 15 + -4?
-5
Evaluate -56 + (1 - -26) + (16 - -1).
-12
What is the value of (30 - -20) + -26 + -1?
23
5 + 3 - -25 - 15
18
Evaluate -18 - (8 + -32 + 2).
4
(2 - (-6 - (12 + -5 - 7))) + -12
-4
(-8 - -14) + (9 + -7 - -6)
14
(3 + -7 - -2) + -103 + 101
-4
What is 2 + (-18 - -38) + -8 - -23?
37
-7 + 13 - (4 - -2)
0
-6 + -1 - (57 - 136 - -87)
-15
(5 - -19) + (-6 - (-3 - 0)) + -8
13
Evaluate -1 - 3 - (1661 + -1700).
35
What is the value of (-8 - -2 - 5) + -4 + -1?
-16
What is 22 - (-30 + 12 + 32)?
8
Evaluate (-10 - 0) + -2 + (56 + -33 - 25).
-14
What is (10 - 18) + (-2 + 4 - 0)?
-6
Calculate -2 + 4 + (0 - (26 + -29)).
5
Evaluate -26 + (7 - -18) + (7 - -1).
7
351 + -348 + (0 - 6) + 0
-3
What is the value of 12 + (12 - (38 - 8 - 14))?
8
What is 290 - 288 - (-1 - 0)?
3
What is -102 - -167 - (1 + 36)?
28
What is the value of 1 - (21 + (-3 - -2) + -46 + 46)?
-19
What is -8 + 4 + 5 + 6 - 3?
4
1 - (-2 + 0) - (8 + -6 + 1)
0
(2 - -3) + 3 + -10 + 0 - 5
-7
7 + (17 - 7) - 18
-1
What is the value of (9 - -6) + (13 - (5 - -3) - 3)?
17
What is the value of -6 - (15 - (-14 - -19)) - -7?
-9
Calculate 9 + 3 + (8 - 17) + 1 + -14.
-10
Evaluate (-5 - -1) + (4 - 5) - -1.
-4
3 - -20 - (314 - 310)
19
(2 - -2) + -11 - -7
0
What is -5 + -6 + -5 + (6 - 13) + 21?
-2
What is 15 - (-8 + -15 + 15) - 3?
20
0 - (-12 - (-5 - 12)) - 2
-7
What is 2 - (-6 + (5 + -1 - 6))?
10
What is the value of 6 - ((8 - (5 - 1) - 14) + 4)?
12
What is -8 + 41 + -75 + 8?
-34
-21 + 5 - (-23 + 13) - -8
2
What is the value of (-4 + 10 + -2 - 4) + 5 - -7?
12
Calculate -32 + 82 + -58 - (0 + 2 + 1).
-11
Evaluate -19 + (-1 + (-1 - (-15 + 6)) - 0).
-12
What is the value of (-13 - (-11 + 1)) + 10?
7
(4 - -8) + -23 - 3
-14
Calculate -15 - -23 - -7 - 10.
5
-17 - (2 - 0 - 18)
-1
What is (23 + -69 - -10) + 20?
-16
What is 12 + (8 - (61 - 34))?
-7
0 + -16 + 184 + -182
-14
-1 - 10 - (-177 - -146)
20
What is -23 - 1 - (5 + -22 + (25 - 18))?
-14
3 + 31 - (-57 - -74)
17
Calculate 1 + (-1 - 13 - (0 - 3)) + 3.
-7
Calculate 13 + 0 - ((-3 - 8) + 38).
-14
What is 8 - (-49 - -36 - (1 - 4))?
18
What is 15 + (11 - 24) + -3?
-1
-4 - (30 + 1 + -24)
-11
Calculate 11 + -37 + 4 + 11.
-11
Calculate 98 - 92 - (18 - 0).
-12
Evaluate (-2 - (5 - 2)) + -3 + -11.
-19
76 + -63 + (-1 - 0) + -7
5
What is the value of (-30 - (-57 + 30)) + (6 - 0 - 1)?
2
154 + -143 + (-19 - 2)
-10
Evaluate 2 - (-22 - -34) - (5 + 0 + 2).
-17
Evaluate (-2 - -9) + -19 + 13.
1
Calculate -478 - -484 - (4 + -1 + -22).
25
-21 + -19 + 62 + -17
5
What is the value of (-3 - -3 - (-2 + 13)) + 13?
2
Calculate -1 + -10 + 19 - 0 - (-7 + 3).
12
What is the value of (-1 - -15) + -20 + -64 + 59?
-11
Evaluate 8 - (12 - ((1 - -7) + (-33 - -31))).
2
Evaluate -47 + (39 - 51 - -33).
-26
What is 3 + -16 - (-7 - -1) - -6?
-1
9 - 11 - (0 + 9)
-11
Calculate (-6 - 0) + (-34 - (-53 - -29)).
-16
(-1 - -2) + -2 + -14 + (1353 - 1348)
-10
Evaluate -22 + (29 - (-13 + 27)).
-7
13 - (5 - (1 + (10 - 5 - -4)))
18
Evaluate -18 + 4 - (-277 - -301).
-38
Evaluate (-64 - (-33 - -1)) + 18.
-14
What is (-9 - 2) + 5 + (-3 - -8) + 13?
12
Calculate 3 + (-12 - (-29 - -17)).
3
-9 + 11 + -27 + (12 - 8 - 1)
-22
What is 331 + -355 + (7 - 0) + 16?
-1
-2 + 17 + 551 + -568
-2
Calculate -2 + (0 - 8 - (283 + -299)).
6
0 - (2 - -2) - (-148 + 153)
-9
What is the value of (-3 - (8 - (-2 + -27))) + 16?
-24
-7 - (19 - (-1 + 11))
-16
Evaluate 9 - (-7 - -5) - (-2 + 0 + 4).
9
What is the value of (-3 - -14) + -13 + (25 - 10)?
13
Evaluate -3 + (-32 - -28 - (-1 + -5)).
-1
What is the value of 2 + -3 + (-9 + (6 - -7) - -2)?
5
Calculate (10 - 50) + -7 + 15 + 5.
-27
Evaluate 4 + 0 - (15 + (-35 - (19 - 14))).
29
What is (-17 - 0) + (1 - -5) + -3 + 5?
-9
What is the value of -36 + (2 - 1) - (-31 - -55 - 31)?
-28
Evaluate -21 + 14 - 11 - -14.
-4
Calculate -2 - (-4 + (-5 - -20) - 5).
-8
Evaluate -8 - (0 + 2 - (-43 + 45)).
-8
What is -14 + (9 - 16) + 7?
-14
Evaluate 9 - (-2 + 5 + 16 + -8).
-2
What is 236 - 221 - (12 + 1) - -21?
23
Evaluate (42 + -36 - 21) + -10.
-25
Calculate -9 + (33 - (21 - 12)) + 3.
18
What is -24 + 15 - ((-5 + 0 - -2) + 0)?
-6
Evaluate (-12 - -14 - 13) + 18 - 8.
-1
What is -43 - (-49 - (-18 + -9))?
-21
9 + 0 + -22 + 27 - 21
-7
What is the value of 126 - 136 - (-1 + (0 + 0 - -2))?
-11
What is the value of 141 + -133 + -24 + 1?
-15
(94 - 117) + (-1 - 0)
-24
Evaluate (6 - (17 - 6)) + 50 + -12.
33
Evaluate 20 - (0 + 3 - (-27 - -23)).
13
Calculate 5 + (13 - (-3 - -36)).
-15
Calculate -2 - 8 - ((-25 - 9) + -11 - -9).
26
9 + -19 + 2 + 11 - 4
-1
Calculate (-2 - 2) + (-13 - -13) + 1.
-3
Calculate (-2 - -1 - -1) + -173 + 172 - 0.
-1
Evaluate -12 + 1 - (0 + -38 - -1).
26
What is the value of 11 + (-8 - -20 - 13) + -3?
7
What is -12 + (-10 - -9 - -8 - (1 - -8))?
-14
Evaluate -1 + (0 - 4) + 13 + (0 - 1).
7
What is the value of 4 + -6 + -1 + (-8 - -5) + 15?
9
(0 + -1 - (-7 + 9)) + -9 + 7
-5
What is 26 + -12 + -30 + (2 - -9) + -4?
-9
Evaluate (10 - 59) + 23 + 23.
-3
What is the value of -21 + 26 + -3 - (-4 - 9)?
15
135 + -108 - (3 + -7)
31
What is 1 + -10 + 11 + 1 + -3?
0
What is -22 + (20 - 9) - -7?
-4
Evaluate (7 - (23 + 3 + 3)) + 8.
-14
What is the value of 4 - ((-10 - -25) + 1)?
-12
-68 + 92 - (9 - -1)
14
-8 - -2 - ((-8 - -27) + -48)
23
(-202 - -183 - (1 + -8)) + -13
-25
-4 + (9 - (13 + -3 + (-10 - -7)))
-2
(10 - 2) + 2 - (0 + -27)
37
Evaluate -16 + -3 + (8 - 1) + -252 + 245.
-19
Evaluate -1 + -5 + 3 + 3 + (-7 - -4).
-3
Evaluate (-16 - 1) + 87 + -75.
-5
What is -4 - (1 + 1 + -11 + 1) - -2?
6
(-7 + 3 - -2) + 4 + -7 + -12
-17
Evaluate -16 + 24 + 4 + -2 - -1.
11
(-7 - (4 - 20) - 14) + -6
-11
What is the value of -6 - (-4 + (-11 - -5 - -10)) - 0?
-6
Evaluate (-9 - -24) + -1 + -9 - (2 - -1).
2
What is -19 + 2 - (-122 - -104)?
1
136 - 133 - (-11 + 1) - (-7 + 0)
